of 162551 and 11183?
53
What is the greatest common factor of 559 and 7775690?
559
What is the highest common factor of 91778 and 83494?
218
What is the highest common divisor of 7 and 29167859?
7
Calculate the highest common divisor of 2235 and 2375805.
2235
What is the highest common factor of 1306827 and 1917?
27
What is the highest common divisor of 168 and 4000488?
24
What is the greatest common divisor of 104040 and 267480?
360
What is the greatest common factor of 21499722 and 54?
54
What is the greatest common factor of 2292794 and 98?
14
Calculate the highest common divisor of 24032710 and 1430.
130
Calculate the greatest common divisor of 138835290 and 3748.
1874
Calculate the highest common divisor of 3535 and 248835013.
707
What is the greatest common divisor of 23290 and 380460?
170
Calculate the highest common factor of 652496 and 376324.
52
What is the highest common factor of 66990 and 2102210?
3190
Calculate the greatest common divisor of 514851 and 12.
3
Calculate the highest common divisor of 270960741 and 351.
27
What is the highest common divisor of 1627301 and 143?
13
What is the highest common divisor of 476229678 and 492?
246
Calculate the highest common divisor of 1513508 and 156712.
4124
What is the highest common factor of 2889964 and 2926?
154
What is the greatest common divisor of 24 and 43390904?
8
Calculate the greatest common divisor of 18228915 and 1755.
135
What is the highest common divisor of 17863109 and 484?
121
Calculate the highest common factor of 1069596 and 8.
4
What is the greatest common divisor of 342 and 3664548?
18
Calculate the highest common divisor of 10485603 and 27936.
873
Calculate the highest common divisor of 543759832 and 616.
616
What is the highest common divisor of 281648183 and 8373?
2791
What is the greatest common divisor of 45940 and 320?
20
What is the greatest common factor of 44815288 and 6036?
2012
What is the highest common factor of 466752 and 41844?
132
Calculate the greatest common factor of 3145 and 4295441.
629
Calculate the greatest common divisor of 152 and 1271784.
152
Calculate the highest common divisor of 219822295 and 385.
385
Calculate the highest common factor of 28569018 and 3474.
1158
What is the highest common factor of 151933574 and 8502?
2834
What is the greatest common divisor of 656703 and 1834?
131
What is the greatest common divisor of 642 and 66149968?
214
Calculate the highest common divisor of 17630 and 244554545.
8815
Calculate the highest common factor of 2346 and 11917068.
102
Calculate the greatest common factor of 1579269874 and 1652.
826
What is the greatest common factor of 3444 and 1583420?
164
What is the highest common divisor of 10024 and 172088?
56
Calculate the greatest common divisor of 2 and 14856909.
1
Calculate the greatest common factor of 3811614804 and 1874.
1874
Calculate the highest common divisor of 129402 and 62738.
26
What is the highest common divisor of 1170 and 2667392?
26
Calculate the greatest common divisor of 915562749 and 7167.
7167
What is the greatest common divisor of 18012 and 512772?
228
What is the highest common factor of 3182 and 1854366?
74
Calculate the greatest common factor of 117 and 164870498.
13
What is the greatest common divisor of 1908 and 357636?
12
Calculate the highest common factor of 589321700 and 220.
220
What is the highest common divisor of 1164 and 222852?
12
What is the highest common divisor of 99 and 22976877?
33
What is the highest common factor of 8932 and 425775042?
4466
What is the highest common divisor of 109261 and 3186287?
2953
Calculate the highest common factor of 322 and 19302428.
46
What is the highest common factor of 11281140 and 4095?
585
Calculate the greatest common divisor of 2158 and 13913954.
166
Calculate the greatest common factor of 17 and 109960488.
17
What is the greatest common divisor of 1164 and 115860292?
388
What is the highest common divisor of 23503095 and 1435?
35
What is the greatest common divisor of 1811 and 179558839?
1811
What is the highest common divisor of 329908856 and 152?
152
Calculate the highest common divisor of 22690 and 277850.
10
What is the greatest common divisor of 14735 and 41055?
35
Calculate the highest common divisor of 547497504 and 2304.
288
Calculate the greatest common factor of 122877141 and 41547.
3777
What is the greatest common divisor of 2299403 and 11644?
41
What is the greatest common factor of 410 and 11351342?
82
What is the highest common divisor of 404 and 161656055?
101
Calculate the greatest common divisor of 649 and 80710938.
649
Calculate the greatest common factor of 8856847 and 1079.
83
What is the highest common divisor of 1209 and 955916?
403
What is the greatest common factor of 5381087 and 2227?
131
What is the highest common divisor of 31519180 and 1925?
385
What is the greatest common factor of 423 and 47138979?
141
What is the highest common factor of 3960 and 20357700?
660
Calculate the greatest common factor of 1887 and 1604653.
37
Calculate the highest common factor of 682112 and 608.
32
Calculate the greatest common factor of 30371 and 1936.
121
What is the highest common divisor of 19357181 and 2527?
361
What is the greatest common factor of 1232 and 34071744?
112
Calculate the highest common factor of 159964 and 20300.
812
Calculate the highest common divisor of 126 and 294510090.
42
Calculate the highest common factor of 949 and 2782541.
73
Calculate the highest common divisor of 359 and 776077943.
359
What is the greatest common divisor of 79963734 and 444?
222
Calculate the greatest common divisor of 796083708 and 84.
84
What is the greatest common factor of 334048 and 267696?
2288
What is the highest common divisor of 82512 and 28224?
144
Calculate the greatest common factor of 8308318 and 7046.
542
What is the greatest common factor of 7502180 and 1928640?
5740
What is the greatest common divisor of 15690 and 1070770?
10
What is the highest common divisor of 19 and 667445?
1
Calculate the highest common factor of 1584933 and 2343.
213
What is the highest common factor of 11263248 and 17?
17
Calculate the greatest common divisor of 91258519 and 91729.
2959
What is the greatest common divisor of 3479892 and 9607?
13
What is the greatest common divisor of 104 and 104335244?
52
What is the greatest common divisor of 145526592 and 192?
192
Calculate the highest common divisor of 8 and 1878412.
4
What is the highest common divisor of 1718338704 and 1448?
1448
Calculate the greatest common divisor of 1361347 and 6409.
377
Calculate the highest common divisor of 232 and 147034408.
232
Calculate the highest common divisor of 120 and 95418.
6
What is the highest common factor of 363499 and 35197?
61
Calculate the greatest common divisor of 875 and 520590.
35
What is the greatest common divisor of 19193 and 831419?
17
What is the greatest common factor of 304577698 and 1051?
1051
What is the greatest common divisor of 314211401 and 7?
7
What is the highest common divisor of 980 and 39204130?
70
What is the greatest common divisor of 40803 and 14496321?
1407
What is the highest common divisor of 498 and 15018?
6
What is the highest common factor of 12456 and 17562614?
346
Calculate the greatest common factor of 1493774 and 1143.
127
Calculate the highest common factor of 35937 and 2801115.
27
What is the greatest common factor of 42 and 179411316?
42
What is the highest common divisor of 545949274 and 1222?
1222
Calculate the highest common factor of 5820274 and 2.
2
Calculate the greatest common factor of 96657 and 26796.
957
Calculate the greatest common factor of 1080600 and 32.
8
What is the greatest common factor of 42664 and 40520?
8
Calculate the highest common divisor of 3110 and 1191580.
10
Calculate the highest common divisor of 36472 and 9974528.
376
Calculate the highest common divisor of 58053 and 17982.
111
What is the highest common factor of 11 and 16070529?
1
Calculate the highest common factor of 20224390 and 255.
85
Calculate the greatest common divisor of 644140640 and 705.
235
What is the greatest common factor of 130 and 88858640?
130
What is the highest common divisor of 52467646 and 3542?
3542
What is the greatest common factor of 386617786 and 3676?
1838
Calculate the greatest